 6 divide 456906?
True
Does 51 divide 7523622?
True
Does 310 divide 5969980?
True
Is 211 a factor of 663835?
False
Is 468985 a multiple of 43?
False
Is 247469 a multiple of 17?
True
Is 29 a factor of 153439?
True
Is 1291274 a multiple of 3?
False
Is 50232 a multiple of 8?
True
Is 141 a factor of 56682?
True
Is 15317794 a multiple of 22?
False
Is 567266 a multiple of 225?
False
Does 16 divide 37045?
False
Is 41958 a multiple of 14?
True
Does 11 divide 17670750?
False
Does 97 divide 139777?
True
Is 109630 a multiple of 5?
True
Is 714 a factor of 1156680?
True
Is 4 a factor of 1104181?
False
Does 557 divide 995359?
True
Does 35 divide 7262?
False
Is 10 a factor of 5739614?
False
Does 333 divide 699633?
True
Does 19 divide 1215430?
True
Does 136 divide 193547?
False
Is 979 a factor of 5967005?
True
Is 20474858 a multiple of 7?
False
Is 578 a factor of 1942080?
True
Is 28 a factor of 815981?
False
Is 251 a factor of 724414?
False
Is 2326 a factor of 4585815?
False
Is 408 a factor of 797?
False
Does 808 divide 3193982?
False
Is 219804 a multiple of 52?
True
Is 4915597 a multiple of 356?
False
Does 57 divide 1126548?
True
Is 1562397 a multiple of 28?
False
Does 161 divide 2055759?
False
Is 59 a factor of 446940?
False
Is 6 a factor of 124986?
True
Does 4 divide 75484?
True
Does 55 divide 3279155?
True
Does 62 divide 339326?
True
Is 88 a factor of 5220864?
True
Is 18 a factor of 101088?
True
Is 263406 a multiple of 22?
True
Is 2505840 a multiple of 1590?
True
Does 7 divide 1687700?
True
Is 452658 a multiple of 169?
False
Does 10 divide 1082290?
True
Does 52 divide 3665116?
True
Does 33 divide 240372?
True
Is 38 a factor of 511480?
True
Does 28 divide 278168?
False
Is 25 a factor of 668475?
True
Is 3637550 a multiple of 266?
True
Does 200 divide 3175600?
True
Is 271675 a multiple of 10?
False
Does 54 divide 1343898?
True
Is 63 a factor of 28824649?
False
Does 649 divide 6194402?
False
Is 245260 a multiple of 79?
False
Is 21599 a multiple of 11?
False
Is 1413530 a multiple of 43?
False
Is 3094366 a multiple of 86?
True
Is 12799 a multiple of 4?
False
Does 13 divide 90897?
False
Is 217371 a multiple of 33?
True
Is 371178 a multiple of 153?
True
Does 14 divide 115391?
False
Is 235 a factor of 1659335?
True
Does 30 divide 88483?
False
Is 498457 a multiple of 1277?
False
Is 33 a factor of 41382?
True
Does 16 divide 1061865?
False
Is 284 a factor of 2619616?
True
Is 1398097 a multiple of 451?
False
Is 222 a factor of 91464?
True
Does 5 divide 8719?
False
Is 278 a factor of 73800?
False
Is 4 a factor of 137353?
False
Is 3106850 a multiple of 13?
False
Is 987636 a multiple of 6?
True
Does 21 divide 4444268?
False
Does 27 divide 130040?
False
Is 2286020 a multiple of 55?
True
Does 548 divide 16565195?
False
Does 12 divide 23268?
True
Does 587 divide 149189?
False
Does 42 divide 207144?
True
Does 11 divide 23326?
False
Does 74 divide 4366222?
True
Is 313 a factor of 94839?
True
Is 94864 a multiple of 77?
True
Is 1011954 a multiple of 26?
False
Is 10 a factor of 27730?
True
Is 173750 a multiple of 67?
False
Is 390093 a multiple of 33?
True
Does 48 divide 385344?
True
Is 11 a factor of 1142790?
True
Is 26 a factor of 191412?
True
Is 26 a factor of 658502?
True
Is 11 a factor of 98804?
False
Is 221 a factor of 7585162?
True
Is 58 a factor of 1774394?
True
Is 21 a factor of 671335?
False
Is 585904 a multiple of 33?
False
Is 41670 a multiple of 15?
True
Is 6 a factor of 491736?
True
Is 345 a factor of 341273?
False
Does 3 divide 1198702?
False
Is 12222621 a multiple of 30?
False
Is 3 a factor of 67325?
False
Is 14 a factor of 4661364?
False
Is 587520 a multiple of 48?
True
Is 575 a factor of 498476?
False
Does 15 divide 45995?
False
Does 66 divide 16513?
False
Is 193214 a multiple of 373?
True
Is 4163250 a multiple of 975?
True
Is 15 a factor of 342553?
False
Does 12 divide 149978?
False
Is 22 a factor of 2233259?
False
Does 209 divide 83177?
False
Is 39 a factor of 32445?
False
Is 164430 a multiple of 42?
True
Does 18 divide 26747055?
False
Is 977 a factor of 1368019?
False
Is 677880 a multiple of 2?
True
Is 15 a factor of 8823171?
False
Is 8 a factor of 104132?
False
Does 3 divide 69682?
False
Is 503 a factor of 974268?
False
Is 868 a factor of 3184692?
True
Is 474375 a multiple of 69?
True
Does 58 divide 76734?
True
Is 2 a factor of 150021?
False
Is 2376449 a multiple of 18?
False
Does 97 divide 267903?
False
Is 139753 a multiple of 9?
False
Is 1446348 a multiple of 19?
False
Does 17 divide 295800?
True
Does 34 divide 319396?
True
Is 780 a factor of 1561560?
True
Is 26 a factor of 706226?
False
Does 380 divide 242116?
False
Is 281 a factor of 99860?
False
Does 41 divide 4022469?
True
Is 339 a factor of 206112?
True
Is 729801 a multiple of 393?
True
Is 35960272 a multiple of 712?
True
Is 463971 a multiple of 29?
True
Is 18 a factor of 128204?
False
Is 6228229 a multiple of 629?
False
Is 50 a factor of 26859?
False
Is 3097133 a multiple of 18?
False
Does 427 divide 325801?
True
Is 4954720 a multiple of 865?
True
Is 31607 a multiple of 96?
False
Does 2 divide 1847673?
False
Is 490 a factor of 1857207?
False
Is 4 a factor of 156205?
False
Is 158 a factor of 8593936?
True
Is 188 a factor of 6937218?
False
Does 509 divide 5740502?
True
Does 36 divide 58212?
True
Is 30908 a multiple of 9?
False
Does 95 divide 2367702?
False
Does 1417 divide 711334?
True
Does 63 divide 169911?
True
Does 18 divide 221576?
False
Does 27 divide 30879523?
False
Is 17 a factor of 108698?
True
Is 16 a factor of 61952?
True
Does 215 divide 2930450?
True
Does 29 divide 40533?
False
Does 56 divide 341544?
True
Does 32 divide 28480?
True
Is 1700 a multiple of 2?
True
Does 507 divide 104442?
True
Does 31 divide 48360?
True
Is 2023420 a multiple of 1043?
True
Is 14 a factor of 85398?
False
Is 52 a factor of 720964?
False
Does 108 divide 196576?
False
Is 67 a factor of 6767?
True
Does 16 divide 381782?
False
Is 60 a factor of 514620?
True
Is 96 a factor of 336960?
True
Is 87 a factor of 79804?
False
Does 65 divide 563355?
True
Does 436 divide 81968?
True
Is 1773541 a multiple of 341?
True
Does 17 divide 259624?
True
Does 10 divide 1579523?
False
Is 126 a factor of 754614?
True
Does 119 divide 182654?
False
Is 37 a factor of 2654861?
True
Is 35 a factor of 120360?
False
Does 61 divide 141161?
False
Is 40 a factor of 2402662?
False
Is 411111 a multiple of 161?
False
Is 952068 a multiple of 52?
True
Is 43 a factor of 61361?
True
Does 80 divide 39119?
False
Is 20 a factor of 240094?
False
Is 3 a factor of 54084?
True
Is 548335 a multiple of 17?
True
Is 11 a factor of 1186793?
False
Is 878644 a multiple of 26?
True
Is 91 a factor of 376406?
False
Is 1309 a multiple of 298?
False
Is 46 a factor of 545836?
True
Does 26 divide 110136?
True
Is 1289 a factor of 3262459?
True
Is 150 a factor of 7500?
True
Is 2375762 a multiple of 27?
False
Is 194 a factor of 147274?
False
Is 13 a factor of 206323?
True
Is 279 a factor of 109438?
False
Is 5689589 a multiple of 285?
False
Is 445701 a multiple of 107?
False
Is 40 a factor of 9239278?
False
Does 66 divide 258320?
False
Does 8 divide 7889656?
True
Is 118 a factor of 124372?
True
Does 2 divide 379421?
False
Is 49119 a multiple of 203?
False
Is 2198713 a multiple of 11?
True
Is 234 a factor of 1117116?
True
Does 72 divide 1379736?
True
Is 174695 a multiple of 45?
False
Does 27 divide 239058?
True
Is 335001 a multiple of 437?
False
Is 313 a factor of 8213613?
False
Does 9 divide 187224?
False
Does 327 divide 698145?
True
Is 26455940 a multiple of 2464?
False
Does 111 divide 40045803?
True
Is 1248315 a multiple of 2?
False
Is 39 a factor of 2578173?
True
Is 892 a factor of 423463?
False
Is 4666433 a multiple of 28?
False
Is 240350 a multiple of 10?
True
Is 14 a factor of 283080?
True
Is 203793 a multiple of 20?
False
Does 223 divide 49952?
True
Is 4599155 a multiple of 716?
False
Does 5 divide 12541240?
True
Is 164978 a multiple of 22?
True
Is 53 a factor of 206117?
True
Does 32 divide 331077?
False
Does 16 divide 10704?
True
Is 40293 a multiple of 145?
False
Is 856026 a multiple of 27?
False
Does 430 divide 953286?
False
Is 88 a factor of 465344?
True
Does 107 divide 44512?
True
Is 181 a factor of 74326?
False
Is 72 a factor of 2347992?
True
Does 163 divide 63570?
